{"id":10,"date":"2020-04-13T14:20:01","date_gmt":"2020-04-13T14:20:01","guid":{"rendered":"http:\/\/wp.ismaierbau.de\/?page_id=10"},"modified":"2021-02-23T17:38:13","modified_gmt":"2021-02-23T17:38:13","slug":"startseite","status":"publish","type":"page","link":"http:\/\/wp.ismaierbau.de\/","title":{"rendered":"STARTSEITE"},"content":{"rendered":"\t\t<div data-elementor-type=\"wp-page\" data-elementor-id=\"10\" class=\"elementor elementor-10\" data-elementor-settings=\"[]\">\n\t\t\t\t\t\t<div class=\"elementor-inner\">\n\t\t\t\t\t\t\t<div class=\"elementor-section-wrap\">\n\t\t\t\t\t\t\t<section class=\"elementor-section elementor-top-section elementor-element elementor-element-51f37bc elementor-section-boxed elementor-section-height-default elementor-section-height-default\" data-id=\"51f37bc\" data-element_type=\"section\" data-settings=\"{&quot;background_background&quot;:&quot;classic&quot;}\">\n\t\t\t\t\t\t<div class=\"elementor-container elementor-column-gap-default\">\n\t\t\t\t\t\t\t<div class=\"elementor-row\">\n\t\t\t\t\t<div class=\"elementor-column elementor-col-66 elementor-top-column elementor-element elementor-element-0302dc0\" data-id=\"0302dc0\" data-element_type=\"column\">\n\t\t\t<div class=\"elementor-column-wrap elementor-element-populated\">\n\t\t\t\t\t\t\t<div class=\"elementor-widget-wrap\">\n\t\t\t\t\t\t<div class=\"elementor-element elementor-element-5a15874 elementor-widget elementor-widget-spacer\" data-id=\"5a15874\" data-element_type=\"widget\" data-widget_type=\"spacer.default\">\n\t\t\t\t<div class=\"elementor-widget-container\">\n\t\t\t\t\t<div class=\"elementor-spacer\">\n\t\t\t<div class=\"elementor-spacer-inner\"><\/div>\n\t\t<\/div>\n\t\t\t\t<\/div>\n\t\t\t\t<\/div>\n\t\t\t\t<div class=\"elementor-element elementor-element-4df1c30 elementor-widget elementor-widget-heading\" data-id=\"4df1c30\" data-element_type=\"widget\" data-widget_type=\"heading.default\">\n\t\t\t\t<div class=\"elementor-widget-container\">\n\t\t\t<h2 class=\"elementor-heading-title elementor-size-default\"><span>Herzlich&nbsp;<br\/>Willkommen<\/span><\/h2>\t\t<\/div>\n\t\t\t\t<\/div>\n\t\t\t\t<div class=\"elementor-element elementor-element-6f41af0 elementor-widget elementor-widget-text-editor\" data-id=\"6f41af0\" data-element_type=\"widget\" data-widget_type=\"text-editor.default\">\n\t\t\t\t<div class=\"elementor-widget-container\">\n\t\t\t\t\t<div class=\"elementor-text-editor elementor-clearfix\"><p>Seit \u00fcber 80 Jahren gestalten wir das Baugeschehen in unserer Region mit. Mit diesem Internetauftritt geben wir Ihnen die M\u00f6glichkeit, sich \u00fcber uns zu informieren.<\/p><p>Viel Spa\u00df beim Besuch unserer Seiten.<\/p><p>Wir erstellen auch Ihnen gerne ein Angebot f\u00fcr Ihr Vorhaben. Setzen Sie sich mit uns in Verbindung.<\/p><\/div>\n\t\t\t\t<\/div>\n\t\t\t\t<\/div>\n\t\t\t\t<div class=\"elementor-element elementor-element-83a3e5e elementor-widget elementor-widget-spacer\" data-id=\"83a3e5e\" data-element_type=\"widget\" data-widget_type=\"spacer.default\">\n\t\t\t\t<div class=\"elementor-widget-container\">\n\t\t\t\t\t<div class=\"elementor-spacer\">\n\t\t\t<div class=\"elementor-spacer-inner\"><\/div>\n\t\t<\/div>\n\t\t\t\t<\/div>\n\t\t\t\t<\/div>\n\t\t\t\t\t\t<\/div>\n\t\t\t\t\t<\/div>\n\t\t<\/div>\n\t\t\t\t<div class=\"elementor-column elementor-col-33 elementor-top-column elementor-element elementor-element-10ac405 elementor-hidden-phone\" data-id=\"10ac405\" data-element_type=\"column\">\n\t\t\t<div class=\"elementor-column-wrap\">\n\t\t\t\t\t\t\t<div class=\"elementor-widget-wrap\">\n\t\t\t\t\t\t\t\t<\/div>\n\t\t\t\t\t<\/div>\n\t\t<\/div>\n\t\t\t\t\t\t\t\t<\/div>\n\t\t\t\t\t<\/div>\n\t\t<\/section>\n\t\t\t\t<section class=\"elementor-section elementor-top-section elementor-element elementor-element-eb15f5a elementor-section-boxed elementor-section-height-default elementor-section-height-default\" data-id=\"eb15f5a\" data-element_type=\"section\">\n\t\t\t\t\t\t\t<div class=\"elementor-background-overlay\"><\/div>\n\t\t\t\t\t\t\t<div class=\"elementor-container elementor-column-gap-default\">\n\t\t\t\t\t\t\t<div class=\"elementor-row\">\n\t\t\t\t\t<div class=\"elementor-column elementor-col-33 elementor-top-column elementor-element elementor-element-6f7c924\" data-id=\"6f7c924\" data-element_type=\"column\">\n\t\t\t<div class=\"elementor-column-wrap elementor-element-populated\">\n\t\t\t\t\t\t\t<div class=\"elementor-widget-wrap\">\n\t\t\t\t\t\t<div class=\"elementor-element elementor-element-3c9f292 elementor-widget elementor-widget-heading\" data-id=\"3c9f292\" data-element_type=\"widget\" data-widget_type=\"heading.default\">\n\t\t\t\t<div class=\"elementor-widget-container\">\n\t\t\t<h2 class=\"elementor-heading-title elementor-size-default\">LEISTUNGEN<\/h2>\t\t<\/div>\n\t\t\t\t<\/div>\n\t\t\t\t<div class=\"elementor-element elementor-element-2dc343a elementor-widget elementor-widget-text-editor\" data-id=\"2dc343a\" data-element_type=\"widget\" data-widget_type=\"text-editor.default\">\n\t\t\t\t<div class=\"elementor-widget-container\">\n\t\t\t\t\t<div class=\"elementor-text-editor elementor-clearfix\"><p>Hier ein kleiner \u00dcberblick \u00fcber unsere Leistungen; falls Sie anderes w\u00fcnschen, beraten wir Sie gerne!<\/p><\/div>\n\t\t\t\t<\/div>\n\t\t\t\t<\/div>\n\t\t\t\t\t\t<\/div>\n\t\t\t\t\t<\/div>\n\t\t<\/div>\n\t\t\t\t<div class=\"elementor-column elementor-col-33 elementor-top-column elementor-element elementor-element-72e6b27\" data-id=\"72e6b27\" data-element_type=\"column\">\n\t\t\t<div class=\"elementor-column-wrap elementor-element-populated\">\n\t\t\t\t\t\t\t<div class=\"elementor-widget-wrap\">\n\t\t\t\t\t\t<div class=\"elementor-element elementor-element-920b238 elementor-widget elementor-widget-text-editor\" data-id=\"920b238\" data-element_type=\"widget\" data-widget_type=\"text-editor.default\">\n\t\t\t\t<div class=\"elementor-widget-container\">\n\t\t\t\t\t<div class=\"elementor-text-editor elementor-clearfix\"><div class=\"inhalt\"><div class=\"l\"><ul><li>Wohnbau<\/li><li class=\"l\">Wirtschaftsbau und Gewerbebau<\/li><li class=\"l\">Altbausanierung<\/li><li class=\"l\">Planung<\/li><li class=\"l\">Rohbauarbeiten<\/li><li class=\"l\">Umbauarbeiten<\/li><li class=\"l\">Sanierungen<\/li><li class=\"l\">Bodenplatten f\u00fcr Wintergarten<\/li><li class=\"l\">Keller aus wu-Beton<\/li><li class=\"l\">Kellerfreilegung<\/li><li class=\"l\">Unterfangungen<\/li><li class=\"l\">Abdichtungen im Erdreich<\/li><li class=\"l\">Drainagen<\/li><li class=\"l\">Kanalarbeiten<\/li><\/ul><\/div><\/div><\/div>\n\t\t\t\t<\/div>\n\t\t\t\t<\/div>\n\t\t\t\t\t\t<\/div>\n\t\t\t\t\t<\/div>\n\t\t<\/div>\n\t\t\t\t<div class=\"elementor-column elementor-col-33 elementor-top-column elementor-element elementor-element-ce233fe\" data-id=\"ce233fe\" data-element_type=\"column\">\n\t\t\t<div class=\"elementor-column-wrap elementor-element-populated\">\n\t\t\t\t\t\t\t<div class=\"elementor-widget-wrap\">\n\t\t\t\t\t\t<div class=\"elementor-element elementor-element-ae650ac elementor-widget elementor-widget-text-editor\" data-id=\"ae650ac\" data-element_type=\"widget\" data-widget_type=\"text-editor.default\">\n\t\t\t\t<div class=\"elementor-widget-container\">\n\t\t\t\t\t<div class=\"elementor-text-editor elementor-clearfix\"><div class=\"inhalt\"><div class=\"l\"><ul><li class=\"l\">Zisternen\/Regenwassernutzung<\/li><li class=\"l\">St\u00fctzmauern<\/li><li class=\"l\">Fachwerksanierung<\/li><li class=\"l\">Erdarbeiten<\/li><li class=\"l\">Hofbefestigung<\/li><li class=\"l\">Pflasterarbeiten<\/li><li class=\"l\">Gartenmauern, Einfriedungen<\/li><li class=\"l\">Einbau von Tr\u00e4gern<\/li><li class=\"l\">Wandabbruch<\/li><li class=\"l\">Trockenbauarbeiten<\/li><li class=\"l\">Putzarbeiten kleinen Umfangs<\/li><li class=\"l\">Estricharbeiten kleinen Umfangs<\/li><li class=\"l\">Garagentore<\/li><\/ul><\/div><\/div><\/div>\n\t\t\t\t<\/div>\n\t\t\t\t<\/div>\n\t\t\t\t\t\t<\/div>\n\t\t\t\t\t<\/div>\n\t\t<\/div>\n\t\t\t\t\t\t\t\t<\/div>\n\t\t\t\t\t<\/div>\n\t\t<\/section>\n\t\t\t\t<section class=\"elementor-section elementor-top-section elementor-element elementor-element-a8b1ab9 elementor-section-boxed elementor-section-height-default elementor-section-height-default\" data-id=\"a8b1ab9\" data-element_type=\"section\">\n\t\t\t\t\t\t<div class=\"elementor-container elementor-column-gap-default\">\n\t\t\t\t\t\t\t<div class=\"elementor-row\">\n\t\t\t\t\t<div class=\"elementor-column elementor-col-66 elementor-top-column elementor-element elementor-element-9b53886\" data-id=\"9b53886\" data-element_type=\"column\">\n\t\t\t<div class=\"elementor-column-wrap elementor-element-populated\">\n\t\t\t\t\t\t\t<div class=\"elementor-widget-wrap\">\n\t\t\t\t\t\t<div class=\"elementor-element elementor-element-04b28e9 elementor-widget elementor-widget-image-gallery\" data-id=\"04b28e9\" data-element_type=\"widget\" data-widget_type=\"image-gallery.default\">\n\t\t\t\t<div class=\"elementor-widget-container\">\n\t\t\t\t\t<div class=\"elementor-image-gallery\">\n\t\t\t<div id='gallery-1' class='gallery galleryid-10 gallery-columns-2 gallery-size-large'><dl class='gallery-item'>\n\t\t\t<dt class='gallery-icon landscape'>\n\t\t\t\t<a data-elementor-open-lightbox=\"yes\" data-elementor-lightbox-slideshow=\"04b28e9\" data-elementor-lightbox-title=\"Haus1orig\" href='http:\/\/wp.ismaierbau.de\/wp-content\/uploads\/2020\/04\/Haus1orig.jpg'><img width=\"1024\" height=\"768\" src=\"http:\/\/wp.ismaierbau.de\/wp-content\/uploads\/2020\/04\/Haus1orig-1024x768.jpg\" class=\"attachment-large size-large\" alt=\"\" loading=\"lazy\" srcset=\"http:\/\/wp.ismaierbau.de\/wp-content\/uploads\/2020\/04\/Haus1orig-1024x768.jpg 1024w, http:\/\/wp.ismaierbau.de\/wp-content\/uploads\/2020\/04\/Haus1orig-300x225.jpg 300w, http:\/\/wp.ismaierbau.de\/wp-content\/uploads\/2020\/04\/Haus1orig-768x576.jpg 768w\" sizes=\"(max-width: 1024px) 100vw, 1024px\" \/><\/a>\n\t\t\t<\/dt><\/dl><dl class='gallery-item'>\n\t\t\t<dt class='gallery-icon landscape'>\n\t\t\t\t<a data-elementor-open-lightbox=\"yes\" data-elementor-lightbox-slideshow=\"04b28e9\" data-elementor-lightbox-title=\"Haus5orig\" href='http:\/\/wp.ismaierbau.de\/wp-content\/uploads\/2020\/04\/Haus5orig.jpg'><img width=\"1024\" height=\"768\" src=\"http:\/\/wp.ismaierbau.de\/wp-content\/uploads\/2020\/04\/Haus5orig-1024x768.jpg\" class=\"attachment-large size-large\" alt=\"\" loading=\"lazy\" srcset=\"http:\/\/wp.ismaierbau.de\/wp-content\/uploads\/2020\/04\/Haus5orig-1024x768.jpg 1024w, http:\/\/wp.ismaierbau.de\/wp-content\/uploads\/2020\/04\/Haus5orig-300x225.jpg 300w, http:\/\/wp.ismaierbau.de\/wp-content\/uploads\/2020\/04\/Haus5orig-768x576.jpg 768w\" sizes=\"(max-width: 1024px) 100vw, 1024px\" \/><\/a>\n\t\t\t<\/dt><\/dl><br style=\"clear: both\" \/><dl class='gallery-item'>\n\t\t\t<dt class='gallery-icon landscape'>\n\t\t\t\t<a data-elementor-open-lightbox=\"yes\" data-elementor-lightbox-slideshow=\"04b28e9\" data-elementor-lightbox-title=\"Haus2orig\" href='http:\/\/wp.ismaierbau.de\/wp-content\/uploads\/2020\/04\/Haus2orig.jpg'><img width=\"1024\" height=\"768\" src=\"http:\/\/wp.ismaierbau.de\/wp-content\/uploads\/2020\/04\/Haus2orig-1024x768.jpg\" class=\"attachment-large size-large\" alt=\"\" loading=\"lazy\" srcset=\"http:\/\/wp.ismaierbau.de\/wp-content\/uploads\/2020\/04\/Haus2orig-1024x768.jpg 1024w, http:\/\/wp.ismaierbau.de\/wp-content\/uploads\/2020\/04\/Haus2orig-300x225.jpg 300w, http:\/\/wp.ismaierbau.de\/wp-content\/uploads\/2020\/04\/Haus2orig-768x576.jpg 768w\" sizes=\"(max-width: 1024px) 100vw, 1024px\" \/><\/a>\n\t\t\t<\/dt><\/dl><dl class='gallery-item'>\n\t\t\t<dt class='gallery-icon landscape'>\n\t\t\t\t<a data-elementor-open-lightbox=\"yes\" data-elementor-lightbox-slideshow=\"04b28e9\" data-elementor-lightbox-title=\"Haus3orig\" href='http:\/\/wp.ismaierbau.de\/wp-content\/uploads\/2020\/04\/Haus3orig.jpg'><img width=\"1024\" height=\"768\" src=\"http:\/\/wp.ismaierbau.de\/wp-content\/uploads\/2020\/04\/Haus3orig-1024x768.jpg\" class=\"attachment-large size-large\" alt=\"\" loading=\"lazy\" srcset=\"http:\/\/wp.ismaierbau.de\/wp-content\/uploads\/2020\/04\/Haus3orig-1024x768.jpg 1024w, http:\/\/wp.ismaierbau.de\/wp-content\/uploads\/2020\/04\/Haus3orig-300x225.jpg 300w, http:\/\/wp.ismaierbau.de\/wp-content\/uploads\/2020\/04\/Haus3orig-768x576.jpg 768w\" sizes=\"(max-width: 1024px) 100vw, 1024px\" \/><\/a>\n\t\t\t<\/dt><\/dl><br style=\"clear: both\" \/>\n\t\t<\/div>\n\t\t<\/div>\n\t\t\t\t<\/div>\n\t\t\t\t<\/div>\n\t\t\t\t\t\t<\/div>\n\t\t\t\t\t<\/div>\n\t\t<\/div>\n\t\t\t\t<div class=\"elementor-column elementor-col-33 elementor-top-column elementor-element elementor-element-feea32a\" data-id=\"feea32a\" data-element_type=\"column\">\n\t\t\t<div class=\"elementor-column-wrap elementor-element-populated\">\n\t\t\t\t\t\t\t<div class=\"elementor-widget-wrap\">\n\t\t\t\t\t\t<div class=\"elementor-element elementor-element-b803167 elementor-widget elementor-widget-heading\" data-id=\"b803167\" data-element_type=\"widget\" data-widget_type=\"heading.default\">\n\t\t\t\t<div class=\"elementor-widget-container\">\n\t\t\t<h2 class=\"elementor-heading-title elementor-size-default\">REFERENZEN<\/h2>\t\t<\/div>\n\t\t\t\t<\/div>\n\t\t\t\t<div class=\"elementor-element elementor-element-43d0ba8 elementor-widget elementor-widget-text-editor\" data-id=\"43d0ba8\" data-element_type=\"widget\" data-widget_type=\"text-editor.default\">\n\t\t\t\t<div class=\"elementor-widget-container\">\n\t\t\t\t\t<div class=\"elementor-text-editor elementor-clearfix\"><p>Falls Sie sich f\u00fcr Referenzen zu bestimmten Leistungsbereichen interessieren sprechen Sie uns gerne an.<\/p><\/div>\n\t\t\t\t<\/div>\n\t\t\t\t<\/div>\n\t\t\t\t\t\t<\/div>\n\t\t\t\t\t<\/div>\n\t\t<\/div>\n\t\t\t\t\t\t\t\t<\/div>\n\t\t\t\t\t<\/div>\n\t\t<\/section>\n\t\t\t\t<section class=\"elementor-section elementor-top-section elementor-element elementor-element-814d694 elementor-section-boxed elementor-section-height-default elementor-section-height-default\" data-id=\"814d694\" data-element_type=\"section\" data-settings=\"{&quot;background_background&quot;:&quot;classic&quot;}\">\n\t\t\t\t\t\t<div class=\"elementor-container elementor-column-gap-default\">\n\t\t\t\t\t\t\t<div class=\"elementor-row\">\n\t\t\t\t\t<div class=\"elementor-column elementor-col-33 elementor-top-column elementor-element elementor-element-78cfc62\" data-id=\"78cfc62\" data-element_type=\"column\">\n\t\t\t<div class=\"elementor-column-wrap elementor-element-populated\">\n\t\t\t\t\t\t\t<div class=\"elementor-widget-wrap\">\n\t\t\t\t\t\t<div class=\"elementor-element elementor-element-4948ce4 elementor-widget elementor-widget-heading\" data-id=\"4948ce4\" data-element_type=\"widget\" data-widget_type=\"heading.default\">\n\t\t\t\t<div class=\"elementor-widget-container\">\n\t\t\t<h2 class=\"elementor-heading-title elementor-size-default\">KONTAKT &amp; ANFAHRT<\/h2>\t\t<\/div>\n\t\t\t\t<\/div>\n\t\t\t\t<div class=\"elementor-element elementor-element-7e9ce52 elementor-widget elementor-widget-text-editor\" data-id=\"7e9ce52\" data-element_type=\"widget\" data-widget_type=\"text-editor.default\">\n\t\t\t\t<div class=\"elementor-widget-container\">\n\t\t\t\t\t<div class=\"elementor-text-editor elementor-clearfix\"><p>Wir sind gerne f\u00fcr Sie da und freuen uns, <br \/>von Ihnen zu h\u00f6ren!<\/p><\/div>\n\t\t\t\t<\/div>\n\t\t\t\t<\/div>\n\t\t\t\t<div class=\"elementor-element elementor-element-101a3a0 elementor-widget elementor-widget-text-editor\" data-id=\"101a3a0\" data-element_type=\"widget\" data-widget_type=\"text-editor.default\">\n\t\t\t\t<div class=\"elementor-widget-container\">\n\t\t\t\t\t<div class=\"elementor-text-editor elementor-clearfix\"><p>Berggasse 6<br \/>91353 Hausen<br \/>Telefon: 09191 &#8211; 4480<br \/>info@ismaierbau.de<\/p><\/div>\n\t\t\t\t<\/div>\n\t\t\t\t<\/div>\n\t\t\t\t\t\t<\/div>\n\t\t\t\t\t<\/div>\n\t\t<\/div>\n\t\t\t\t<div class=\"elementor-column elementor-col-66 elementor-top-column elementor-element elementor-element-3aad642\" data-id=\"3aad642\" data-element_type=\"column\">\n\t\t\t<div class=\"elementor-column-wrap elementor-element-populated\">\n\t\t\t\t\t\t\t<div class=\"elementor-widget-wrap\">\n\t\t\t\t\t\t<div class=\"elementor-element elementor-element-6b3da20 elementor-widget elementor-widget-google_maps\" data-id=\"6b3da20\" data-element_type=\"widget\" data-widget_type=\"google_maps.default\">\n\t\t\t\t<div class=\"elementor-widget-container\">\n\t\t\t<div class=\"elementor-custom-embed\"><iframe frameborder=\"0\" scrolling=\"no\" marginheight=\"0\" marginwidth=\"0\" src=\"https:\/\/maps.google.com\/maps?q=Berggasse%206%2C%20Hausen&amp;t=m&amp;z=10&amp;output=embed&amp;iwloc=near\" title=\"Berggasse 6, Hausen\" aria-label=\"Berggasse 6, Hausen\"><\/iframe><\/div>\t\t<\/div>\n\t\t\t\t<\/div>\n\t\t\t\t\t\t<\/div>\n\t\t\t\t\t<\/div>\n\t\t<\/div>\n\t\t\t\t\t\t\t\t<\/div>\n\t\t\t\t\t<\/div>\n\t\t<\/section>\n\t\t\t\t\t\t<\/div>\n\t\t\t\t\t\t<\/div>\n\t\t\t\t\t<\/div>\n\t\t","protected":false},"excerpt":{"rendered":"<p>Herzlich&nbsp;Willkommen Seit \u00fcber 80 Jahren gestalten wir das Baugeschehen in unserer Region mit. Mit diesem Internetauftritt geben wir Ihnen die M\u00f6glichkeit, sich \u00fcber uns zu informieren. Viel Spa\u00df beim Besuch unserer Seiten. Wir erstellen auch Ihnen gerne ein Angebot f\u00fcr Ihr Vorhaben. Setzen Sie sich mit uns in Verbindung. LEISTUNGEN Hier ein kleiner \u00dcberblick \u00fcber&hellip;&nbsp;<a href=\"http:\/\/wp.ismaierbau.de\/\" class=\"\" rel=\"bookmark\">Weiterlesen &raquo;<span class=\"screen-reader-text\">STARTSEITE<\/span><\/a><\/p>\n","protected":false},"author":1,"featured_media":0,"parent":0,"menu_order":0,"comment_status":"closed","ping_status":"closed","template":"elementor_header_footer","meta":[],"_links":{"self":[{"href":"http:\/\/wp.ismaierbau.de\/index.php?rest_route=\/wp\/v2\/pages\/10"}],"collection":[{"href":"http:\/\/wp.ismaierbau.de\/index.php?rest_route=\/wp\/v2\/pages"}],"about":[{"href":"http:\/\/wp.ismaierbau.de\/index.php?rest_route=\/wp\/v2\/types\/page"}],"author":[{"embeddable":true,"href":"http:\/\/wp.ismaierbau.de\/index.php?rest_route=\/wp\/v2\/users\/1"}],"replies":[{"embeddable":true,"href":"http:\/\/wp.ismaierbau.de\/index.php?rest_route=%2Fwp%2Fv2%2Fcomments&post=10"}],"version-history":[{"count":14,"href":"http:\/\/wp.ismaierbau.de\/index.php?rest_route=\/wp\/v2\/pages\/10\/revisions"}],"predecessor-version":[{"id":118,"href":"http:\/\/wp.ismaierbau.de\/index.php?rest_route=\/wp\/v2\/pages\/10\/revisions\/118"}],"wp:attachment":[{"href":"http:\/\/wp.ismaierbau.de\/index.php?rest_route=%2Fwp%2Fv2%2Fmedia&parent=10"}],"curies":[{"name":"wp","href":"https:\/\/api.w.org\/{rel}","templated":true}]}}